 the units digit of d?
3
Let d = -164 + 164. Let t(s) be the second derivative of -s**4/12 + 15*s**2/2 - s. What is the units digit of t(d)?
5
Let t(v) = -110*v - 73. What is the tens digit of t(-8)?
0
Suppose -5*a + 3*b + 6383 = 0, 2*a - 2566 = -b - b. What is the hundreds digit of a?
2
Let s = 62 + 309. What is the tens digit of s?
7
Let b(x) be the second derivative of x**4/4 - x**3/3 - 13*x**2/2 + 14*x. What is the units digit of b(4)?
7
Let h(i) = i**2 + 20*i + 1. What is the tens digit of h(-36)?
7
Suppose 2*d = -6, -3*k + d = 5*d. Suppose k*j + 0*r = -3*r - 2, 0 = -2*j - 3*r - 4. What is the tens digit of j + 0 + 53 - 2?
5
Suppose 3*x - 6*x - 10 = 2*o, 2*o - 4 = 4*x. What is the units digit of x/4*-145*(-90)/(-75)?
7
Let x(d) = -14*d**3 - 3*d - 3. Let l be x(-3). Suppose -1308 - l = 3*s. What is the tens digit of (-4)/(-22) - s/44?
1
Suppose 12*z - 2*r = 11*z + 1581, 5*z = -5*r + 7920. What is the thousands digit of z?
1
Let w(m) = -7*m**3 - 45*m**2 - 55*m - 42. Let y(p) = -3*p**3 - 23*p**2 - 28*p - 21. Let t(a) = -2*w(a) + 5*y(a). What is the hundreds digit of t(-24)?
1
Suppose 14*l = 4*l + 17510. What is the hundreds digit of l?
7
Let j = -7 - -143. What is the tens digit of j?
3
Let w(o) = -o**3 - 2*o**2 - o - 1. Let h = -16 + 20. Suppose -h*u = -3*i - 32, i + 3*u = -2 + 13. What is the tens digit of w(i)?
3
Suppose -3*w + 2*x = 860, -4*x = -7*x - 15. Suppose -16*j = 29*j - 630. What is the units digit of 4/j - w/14?
1
Let n(x) = -x**3 + 3*x**2 + x. Let f be n(4). Let v = f + 18. Let j = -4 + v. What is the units digit of j?
2
Let w(t) = 16*t - 1. Let d be w(-1). Suppose 0 = -4*b - 5*h + 147, b - h = -0*h + 39. Let c = d + b. What is the tens digit of c?
2
Let t = 201 - -84. What is the hundreds digit of t?
2
Let s = -6 + -18. What is the tens digit of ((-636)/s)/((-2)/(-4))?
5
Let y = 2479 + -1435. What is the tens digit of y?
4
Let h(b) = 24*b**2 - b. Suppose 8 + 3 = i. Let q = i - 12. What is the units digit of h(q)?
5
Let o be ((-20)/(-3))/(1/3). Suppose -3*x = -4*l + o, -l - 3*x + 15 = 2*l. Suppose -5*d = -5*k - 45, -d + 17 = -3*d - l*k. What is the units digit of d?
4
What is the tens digit of 2020/44 + (3 - 32/11)?
4
Suppose -2*b = 4*v - 6430, 7*b - 1594 = -v + 11*b. What is the hundreds digit of v?
6
What is the tens digit of 45713/136 - 3/24?
3
Let r = 1044 + -734. Suppose -6*j + r = -j. What is the tens digit of j?
6
Let v = -415 - -1245. What is the hundreds digit of v?
8
Let f(r) = -4*r**2 - 3*r + 3. Let w be f(2). Let a = 62 - w. What is the tens digit of a?
8
Let a(x) = 7*x**2 + 2*x - 2. Suppose 3*u + 4 = -5, -o - 4*u = 11. What is the units digit of a(o)?
7
What is the tens digit of 12 + (141184/8)/4?
2
Suppose 4*k = 2*k - 142. Let x = 158 + k. Suppose -12 + x = 3*z. What is the tens digit of z?
2
Let i(y) = 4*y - 2. Let u be i(1). Let r be (-3)/u*32/(-12). Suppose -5*m + 14 = r. What is the units digit of m?
2
Let l = 23 - -176. Suppose j + l = 3*i + i, 4*i + 5*j = 229. What is the tens digit of i?
5
Suppose -1811 = -6*u + 2101. What is the tens digit of u?
5
Let q = 1944 + -589. What is the tens digit of q?
5
Suppose -4*d + 2*d + 4*b = -126, -3*d + b = -189. Let o = d + 53. What is the hundreds digit of o?
1
Suppose -19*s - 116 = -r - 22*s, -2*r + 239 = -s. What is the hundreds digit of r?
1
Suppose 0 = j - 2 - 0. What is the tens digit of 25 - (j - (-8)/(-4))?
2
Let v = 213 - 148. Suppose -5*w - 5*y = -v, -3*y + 0 - 16 = -2*w. What is the units digit of w?
1
Let b be -1 + 35/(-3)*-3. Let q = -22 + b. What is the tens digit of (-138)/(-4) - (-18)/q?
3
Let t be 21 - (-4 - 0 - -5). Suppose 0 = -8*q + 116 + t. What is the units digit of q?
7
Let w = 2908 - 2002. What is the hundreds digit of w?
9
Suppose -3*g = -0*g + 30. Let b be 2/(-4) + (-25)/g. Suppose b*y = -3*q + 63, -y + 5*q - 155 = -6*y. What is the tens digit of y?
3
Let l(m) = -2*m**2 - 5*m**2 - m**3 + m + 62 + 2*m**2 - 55. Let t be l(-5). Suppose w = t*w - 57. What is the units digit of w?
7
Suppose -m = 3*m + 5*d - 11, 0 = 2*m - 4*d + 14. Let b = m + 3. Suppose 0 = 3*q - x - 16 - 76, -b*q - 4*x + 52 = 0. What is the tens digit of q?
3
What is the hundreds digit of (4 - (2 + -1 + 7)) + 1135?
1
What is the tens digit of (-8312)/(-44) - (-17)/187?
8
Suppose 2*z - 3*x - 2 = 0, -3*z + 4*x + 4 + 0 = 0. Suppose o - 4 = 0, -c + 3*o + 64 = z*o. What is the units digit of c?
0
Suppose 3 - 11 = -2*u. What is the tens digit of (-42)/u*(-210)/45?
4
Let x(s) be the first derivative of s**4/4 - 2*s**3/3 - 5*s**2/2 + 10*s - 3. What is the tens digit of x(4)?
2
Let m = -751 + 1276. What is the hundreds digit of m?
5
Suppose 0 = -3*z - z - 428. Let o = z + 195. What is the tens digit of o?
8
Suppose -4*f = -b - 4, -2*f + 4*b = 2*f + 8. Suppose f*u - 3*u + 87 = 0. What is the units digit of u?
7
Suppose -5*p - 27 = 4*d, 5*d + 21 = -7*p + 5*p. Let c be (1 + 0)/(d/(-72)). Let a = c + -11. What is the units digit of a?
3
Let g(n) = -553*n**3 - 3*n**2 - 2*n. What is the hundreds digit of g(-1)?
5
Suppose -5*l = 0, 0*f - 3*l = -3*f + 30. What is the units digit of ((-188)/10)/((-2)/f)?
4
Let p(b) = -3*b**2 - 23*b + 20. Let q(n) = -2*n**2 - 15*n + 13. Let m(t) = 5*p(t) - 7*q(t). Let g be m(-11). What is the units digit of (-3 - -13)*(-1)/g?
5
Suppose -3 = 6*j - 2*j + 5*m, 0 = j + 3*m - 1. What is the hundreds digit of (-274)/j - (4 - 5)?
1
Let p be (3 - (10 + 4))*-7. Suppose 0 = 11*u - 10*u - p. What is the units digit of u?
7
Let k be (4/(-9))/(22/(-99)). Suppose 12 = -k*j + 22. Suppose -20 = j*g, 4*g = -q - 14 + 40. What is the units digit of q?
2
Suppose 0 = 37*v - 950 - 25653. What is the hundreds digit of v?
7
What is the hundreds digit of (10 - 3) + 1209 + 1?
2
Let a(h) = h**3 - 19*h**2 + 89*h - 22. What is the units digit of a(21)?
9
Let g = 137 - 130. Let s = -119 + 171. Suppose -3*j - s = -g*j. What is the units digit of j?
3
Let b = -20 - -18. Let m be 4 - ((2 - b) + -16). Suppose 0 = 3*q + m - 97. What is the units digit of q?
7
Suppose -2*l - 3*l - 110 = 5*g, 2*l = g - 53. What is the units digit of 167/5 + 10/l?
3
Suppose 0 = -2*b - 5 + 27. Suppose -955 = -b*p + 6*p. What is the tens digit of p?
9
Suppose -n + 3*x - 8*x = 34, 0 = 5*n + 4*x + 86. What is the units digit of (-21)/n + 502/4?
7
Let j(p) = 2*p - 30. Let g(b) = 1. Let i(m) = 5*g(m) - j(m). What is the units digit of i(16)?
3
Suppose 0 = 3*g - o - 5655, 3329 = 2*g + 5*o - 441. What is the units digit of g?
5
Let t = -3349 + 4716. What is the tens digit of t?
6
Suppose -6*v = -7*v + 594. What is the units digit of v?
4
What is the tens digit of (1 + -17)/(1/(792/(-4)))?
6
Suppose 13 = l - 3*i - 24, 0 = -l - i + 41. What is the units digit of l?
0
Let c(k) = 19*k**2 - 20*k + 288. What is the units digit of c(10)?
8
Suppose 0 = -6*w - 2*w - 1824. What is the units digit of (w/(-18))/((-2)/(-6))?
8
Let j(s) = s + 18. Let p be j(-8). What is the hundreds digit of p/(-2 - -4) + 217?
2
Suppose -1 = -h + 1. Suppose -30 = -2*n - 3*n - 5*q, -h*n = 4*q - 8. What is the tens digit of (165/10)/(6/n)?
2
Suppose 0 = 5*p - u - 21, 0 = -5*p + 4*u + 9 - 0. Let t(j) = 5*j - 1. Let h(z) = -9*z + 3. Let n(l) = 4*h(l) + 9*t(l). What is the units digit of n(p)?
8
Let i be (-3 + 0)/(18/(-12)). Suppose 2*a + i - 10 = 0. What is the tens digit of (-18 + -1)*a/(-4)?
1
What is the units digit of (-5512)/(-60) + 2/15?
2
Let f(d) = -3*d**3 + 18*d**2 + 10*d + 11. What is the hundreds digit of f(-7)?
8
Let l(s) = s**3 - 7*s**2 + 2*s - 11. Let z be l(7). What is the tens digit of (z + 93)*4/8?
4
Suppose 230*l = 234*l - 408. What is the units digit of l?
2
What is the thousands digit of 3*((-256)/192 + 2240/3)?
2
Suppose 125 = 2*a - 849. Suppose -123 = -2*t + a. What is the tens digit of t?
0
Let d(k) = k**2 - 8*k - 35. Let j be d(15). Let t = j - -35. What is the units digit of t?
5
What is the units digit of ((-428)/6)/((-52)/78)?
7
Let w = -1172 + 3029. What is the tens digit of w?
5
Let j = 6643 - 3575. What is the tens digit of j?
6
Suppose 4*g - 350 = 3*z, 0*z = 5*g + z - 428. Suppose -2*q + 2*w = -0*q - g, 2*w + 47 = q. What is the tens digit of q?
3
Let m = -1736 + 3275. What is the tens digit of m?
3
Let o(b) = 30*b + 24*b - 9*b. Let l be o(1). Suppose 0 = -2*y + l + 1. What is the tens digit of y?
2
Suppose 2*i - 1503 - 84 = -x,